vided by 404.
391
Calculate the remainder when 420911 is divided by 473.
414
What is the remainder when 1927219 is divided by 148186?
801
What is the remainder when 22213055 is divided by 5553261?
11
Calculate the remainder when 29815279 is divided by 14.
11
Calculate the remainder when 1363259 is divided by 24786.
29
What is the remainder when 161775564 is divided by 80887777?
10
What is the remainder when 29460 is divided by 611?
132
Calculate the remainder when 70523053 is divided by 8815379.
21
Calculate the remainder when 39778 is divided by 7.
4
What is the remainder when 6393747 is divided by 177604?
3
Calculate the remainder when 6800797 is divided by 100.
97
What is the remainder when 47916298 is divided by 30155?
3
What is the remainder when 5218357 is divided by 358?
149
What is the remainder when 14153676 is divided by 199?
0
What is the remainder when 478478 is divided by 68339?
105
What is the remainder when 25250255 is divided by 1766?
1753
Calculate the remainder when 3188431 is divided by 2374.
149
Calculate the remainder when 140310851 is divided by 68.
59
Calculate the remainder when 179689509 is divided by 145.
144
What is the remainder when 4275 is divided by 905?
655
What is the remainder when 1046736 is divided by 4121?
2
What is the remainder when 4300774 is divided by 2150374?
26
Calculate the remainder when 16716 is divided by 3807.
1488
Calculate the remainder when 74795 is divided by 7791.
4676
What is the remainder when 14283238 is divided by 175?
88
Calculate the remainder when 224229358 is divided by 213.
211
Calculate the remainder when 21016752 is divided by 1476.
1464
What is the remainder when 1220144 is divided by 1254?
2
Calculate the remainder when 2974062 is divided by 270361.
91
What is the remainder when 2389145784 is divided by 1743?
1740
Calculate the remainder when 3175820 is divided by 1503.
1484
What is the remainder when 2929081 is divided by 231?
1
What is the remainder when 7265292 is divided by 70?
62
Calculate the remainder when 558392230 is divided by 1161.
1153
Calculate the remainder when 1842435 is divided by 1848.
1827
Calculate the remainder when 141908 is divided by 1255.
93
What is the remainder when 149480621 is divided by 1627?
1623
What is the remainder when 1130693 is divided by 20?
13
Calculate the remainder when 3733650 is divided by 8.
2
Calculate the remainder when 14770767 is divided by 169.
167
Calculate the remainder when 1488670 is divided by 23260.
30
Calculate the remainder when 403403 is divided by 40268.
723
What is the remainder when 1251168 is divided by 308?
72
Calculate the remainder when 334222 is divided by 23873.
0
Calculate the remainder when 290236 is divided by 48370.
16
Calculate the remainder when 106462 is divided by 51258.
3946
Calculate the remainder when 991895 is divided by 141698.
9
What is the remainder when 180620 is divided by 145?
95
Calculate the remainder when 21257248 is divided by 30.
28
Calculate the remainder when 522052 is divided by 770.
762
Calculate the remainder when 23417852 is divided by 122.
74
Calculate the remainder when 62462274 is divided by 9.
6
Calculate the remainder when 3756677 is divided by 104.
93
Calculate the remainder when 35099 is divided by 17432.
235
What is the remainder when 2419740 is divided by 241974?
0
What is the remainder when 1030904 is divided by 257667?
236
Calculate the remainder when 4241132 is divided by 462.
434
Calculate the remainder when 5615939 is divided by 102.
23
What is the remainder when 39813658 is divided by 4337?
4335
Calculate the remainder when 13670183 is divided by 151.
2
What is the remainder when 242398 is divided by 120?
118
Calculate the remainder when 57803 is divided by 565.
173
What is the remainder when 1878332 is divided by 63?
50
What is the remainder when 877390 is divided by 15950?
140
Calculate the remainder when 60031523 is divided by 262.
249
Calculate the remainder when 15323 is divided by 725.
98
Calculate the remainder when 119215151 is divided by 3024.
3023
Calculate the remainder when 355598879 is divided by 91.
90
Calculate the remainder when 79057 is divided by 2380.
517
Calculate the remainder when 202482508 is divided by 459144.
4
What is the remainder when 2475359 is divided by 48?
47
What is the remainder when 28498 is divided by 6679?
1782
Calculate the remainder when 25321156 is divided by 669.
175
What is the remainder when 16570821 is divided by 190469?
18
Calculate the remainder when 3253817 is divided by 9514.
29
Calculate the remainder when 9500506 is divided by 61.
0
What is the remainder when 111025 is divided by 408?
49
Calculate the remainder when 5600061 is divided by 11.
5
What is the remainder when 93405266 is divided by 10?
6
Calculate the remainder when 65765 is divided by 9391.
28
What is the remainder when 57467 is divided by 1042?
157
What is the remainder when 1047703 is divided by 41908?
3
Calculate the remainder when 35508193 is divided by 131.
119
Calculate the remainder when 173430 is divided by 493.
387
What is the remainder when 848789 is divided by 79?
13
What is the remainder when 280950 is divided by 21608?
46
What is the remainder when 881401 is divided by 294?
283
What is the remainder when 63684 is divided by 7631?
2636
What is the remainder when 707476 is divided by 116?
108
Calculate the remainder when 805639 is divided by 114.
1
What is the remainder when 219387 is divided by 146?
95
Calculate the remainder when 209996 is divided by 69524.
1424
What is the remainder when 542732 is divided by 3274?
2522
Calculate the remainder when 8781391 is divided by 1660.
1651
Calculate the remainder when 3971711 is divided by 13239.
11
What is the remainder when 272425 is divided by 54453?
160
Calculate the remainder when 6229 is divided by 517.
25
Calculate the remainder when 13092807 is divided by 45779.
13
What is the remainder when 146796 is divided by 47?
15
What is the remainder when 500081 is divided by 73?
31
Calculate the remainder when 2223017 is divided by 363.
5
What is the remainder when 1247124448 is divided by 106?
104
What is the remainder when 2139411 is divided by 534761?
367
What is the remainder when 1070867 is divided by 356953?
8
What is the remainder when 43421288 is divided by 19?
18
What is the remainder when 30533193 is divided by 1303?
1297
What is the remainder when 66146 is divided by 117?
41
Calculate the remainder when 85547485 is divided by 368.
365
Calculate the remainder when 55624148 is divided by 12717.
12707
What is the remainder when 2717727 is divided by 250?
227
Calculate the remainder when 26130265 is divided by 31.
24
What is the remainder when 54824 is divided by 1054?
16
What is the remainder when 31363 is divided by 209?
13
Calculate the remainder when 958377 is divided by 45618.
399
Calculate the remainder when 79317 is divided by 26319.
360
What is the remainder when 38894864 is divided by 559?
203
Calculate the remainder when 1159695 is divided by 48315.
135
Calculate the remainder when 86388412 is divided by 14398066.
16
Calculate the remainder when 1505765 is divided by 57876.
989
Calculate the remainder when 1159695 is divided by 2828.
215
What is the remainder when 2755087 is divided by 1377541?
5
Calculate the remainder when 8917768 is divided by 430.
428
What is the remainder when 31361 is divided by 371?
197
Calculate the remainder when 18467 is divided by 217.
22
Calculate the remainder when 6304568 is divided by 64.
56
What is the remainder when 10312609 is divided by 271384?
17
What is the remainder when 66759 is divided by 2533?
901
What is the remainder when 1546226 is divided by 995?
991
What is the remainder when 20974622 is divided by 114?
104
What is the remainder when 21862 is divided by 4177?
977
What is the remainder when 12179368 is divided by 23?
17
Calculate the remainder when 80763 is divided by 1154.
1137
What is the remainder when 115237977 is divided by 726?
723
What is the remainder when 1330296 is divided by 266018?
206
Calculate the remainder when 5360174 is divided by 17927.
1
Calculate the remainder when 13447485 is divided by 4482491.
12
What is the remainder when 63953197 is divided by 2487?
2479
What is the remainder when 343860 is divided by 343820?
40
C